 the prime factors of t.
137
Let y(p) = -p**3 + 7*p**2 - 3*p + 6. Let m(x) = -x**3 + 15*x**2 + 16*x + 6. Let d be m(16). List the prime factors of y(d).
2, 3
Let v(z) = -z**3 - 1. Let r be (-3 - -10)/(2/8). Let x be (-4)/(-14) - 92/r. List the prime factors of v(x).
2, 13
Let w(k) = 387*k - 432. What are the prime factors of w(9)?
3, 113
Suppose -5*g = -2*o + 161, 17*g + 377 = 4*o + 18*g. What are the prime factors of o?
3, 31
Let y = -66 + 382. List the prime factors of y.
2, 79
Suppose r - 1140 = 2*f, -2*r + 2*f + 126 = -2150. List the prime factors of r.
2, 71
Let a(s) = s**3 - 4*s**2 - 4*s - 19. Let o(m) = -2*m**3 + 9*m**2 + 7*m + 37. Let q(f) = 11*a(f) + 6*o(f). List the prime factors of q(9).
2, 19
Suppose 441 + 219 = -5*t. Let x = t - -218. What are the prime factors of x?
2, 43
Suppose -9*j + 2716 = -2963. List the prime factors of j.
631
Suppose 5*b + 35 = 10. Let t(q) = q**2 - 8*q - 1. Let h be t(b). Suppose 2*n + n - 93 = -3*i, 2*n = -4*i + h. List the prime factors of n.
2, 3, 5
Let x(w) = 2*w**2 + 5*w + 2. Let k = 7 + -10. Let y be x(k). Suppose 2*q + 3*f - 63 = 34, q = y*f + 55. What are the prime factors of q?
2, 5
What are the prime factors of (2/5)/(3/2430)?
2, 3
Suppose 5*q - 4 = q. Suppose -u - 4 = 0, -3*u + 1 + q = i. Let c = 16 + i. List the prime factors of c.
2, 3, 5
Suppose -i - 18 = -2*q, 3*q - 25 = -0*q + 2*i. Suppose q = 5*b - 5*w + 26, 5*b - 4*w + 11 = 0. List the prime factors of 152/95*(29 + b).
2, 3
Let a = 776 - -832. List the prime factors of a.
2, 3, 67
Let x(p) = -p**2 + 26*p + 60. Let g be x(28). Suppose 5*z - 3*f + 0*f - 945 = 0, -2*z + g*f = -378. List the prime factors of z.
3, 7
Let g(a) = a**2 + a - 10. Let i be g(-4). Suppose -9 = -3*w, -w = i*d - 5*d + 12. What are the prime factors of d?
5
Suppose 792 = 6*r - 804. List the prime factors of r.
2, 7, 19
Let s be 1 - 0 - (6 + -3). Let d = 21 - 18. List the prime factors of d + 1 + s + 10.
2, 3
What are the prime factors of (-1654)/(-12) + (-8)/288*-6?
2, 3, 23
Suppose 7 = 6*c - 17. What are the prime factors of 2*(c - 45/(-6))?
23
Suppose 3*q - 15 = 9. Let g = 12 - 28. Let u = q - g. What are the prime factors of u?
2, 3
Let q = 210 + -124. What are the prime factors of q?
2, 43
Let l(c) = 2*c - 4. Let t be l(2). Suppose -2*j = -t*j - 6, 4*n - 5*j - 177 = 0. What are the prime factors of n?
2, 3
Suppose 5*f - 12 - 28 = 0. Let l be (1/(-2))/(1/12). Let r = l + f. What are the prime factors of r?
2
Suppose -2*v - 11 + 4 = h, -24 = 3*h + 3*v. Let y(d) = d**2 + 2*d - 7. Let g be y(3). Let s = g - h. What are the prime factors of s?
17
Let p = -231 - -286. List the prime factors of p.
5, 11
Suppose -2*q - 2*q - 1220 = -o, 0 = o + 3*q - 1185. What are the prime factors of o?
2, 3, 5
Suppose 0*w = 3*w - 4*q, -4*w = 2*q. Suppose -n + k + 2*k - 5 = w, 5*n + k - 39 = 0. List the prime factors of n.
7
Let u(p) = -p**3 + 21*p**2 + 73*p + 25. What are the prime factors of u(24)?
7
Suppose -6 = -5*w - 66. Let b(r) = -2*r - 4*r - 17 - 6*r + 9*r + 7. What are the prime factors of b(w)?
2, 13
Suppose -151*i = -168*i + 33728. List the prime factors of i.
2, 31
Let a be (-14)/3*54/(-12). Suppose -5*o + 6*o - a = 0. List the prime factors of o.
3, 7
Suppose -3*t + 2*a + 1936 = 2*t, 2*a - 1924 = -5*t. Suppose j - 5*i = 207, -2*j + 3*i = -0*i - t. List the prime factors of j.
11, 17
Suppose 3*g - 9 = -3*d, 3*g - 12 - 7 = -5*d. Suppose 2*k - d*b = -2*k + 123, 12 = k + 5*b. Suppose 0 = -k*v + 26*v + 42. List the prime factors of v.
2, 3, 7
Let c be ((-6)/5)/6*-5. What are the prime factors of ((-22)/c)/(5/(-10))?
2, 11
Let l be -2*((0 - 3) + (-14)/(-4)). Let f(u) = 123*u**2 + u + 1. List the prime factors of f(l).
3, 41
Suppose 0 = 2*l - 4*l - 5*f - 98, 3*l - 5*f = -97. Let v = l + 116. List the prime factors of v.
7, 11
Suppose -6*l = 2*l. Suppose -2*h + 5*m = -l*h - 14, 4*h + 2*m - 28 = 0. Suppose -5*g + h*g - 3*d - 123 = 0, 5*g + 2*d - 260 = 0. List the prime factors of g.
2, 3
Let l = 21 + -17. Let g be (-5)/1*(1 - 2). Suppose o = -0*o + l, g*a = o + 16. What are the prime factors of a?
2
Let g = 1137 - 681. What are the prime factors of (-4)/10 - g/(-40)?
11
Let a(t) = t**3 - 8*t**2 - 4*t - 13. Let s = -12 - -22. List the prime factors of a(s).
3, 7
Suppose -18*z = -112*z + 310670. What are the prime factors of z?
5, 661
Let c(g) = 9*g**2 + 10. Let x be c(3). Suppose 4*o - 400 = -4*u, 2*u + 2*u - x = -o. What are the prime factors of o?
103
Suppose -6*a + 2*a = -20, 2*h - a = -5. Suppose 8*r - 11*r + 168 = h. List the prime factors of r.
2, 7
Suppose 74*t + 4352 = 82*t. What are the prime factors of t?
2, 17
Let g = 157 + 2102. What are the prime factors of g?
3, 251
Suppose 2*z - z = 5. Let j be (3 + 1)*(-148)/(-8). Suppose -j = -4*k + 2*k - 4*x, 0 = -k - z*x + 52. What are the prime factors of k?
3
Suppose 7*g = 5*g + 828. Let i = -277 + g. List the prime factors of i.
137
Let r(f) = 15*f**2 - 19*f + 7. Let q(d) = 7*d**2 - 9*d + 4. Let n(s) = -9*q(s) + 4*r(s). Let a be n(6). Let o = -59 - a. List the prime factors of o.
3
Suppose -966 = -4*a - 2*a. What are the prime factors of a?
7, 23
Suppose 82596 - 21546 = 37*m. List the prime factors of m.
2, 3, 5, 11
Let u(f) = -85*f - 9. Suppose -q - 3*z - 3 = 4, 3*z + 5 = q. What are the prime factors of u(q)?
2, 19
List the prime factors of 978 + (-17)/((-34)/(-16)).
2, 5, 97
Suppose -24 = -8*m + 5*m. Let l be (-9)/(-36) - 122/m. What are the prime factors of 3/(-5) - 294/l?
19
Let k = -124 + 232. What are the prime factors of k?
2, 3
Let r = 201 - 125. List the prime factors of r.
2, 19
Suppose -2*i + i + 71 = 5*d, i + 79 = 5*d. Let t be (-4)/(-10) - (-69)/d. What are the prime factors of 3*t + (-3 - -1)?
13
Suppose 9*v - 65710 = -24994. What are the prime factors of v?
2, 3, 13, 29
Suppose -1 - 4 = -s. Suppose 25 = s*r, 20 = p + p + 2*r. Suppose -90 = -b - b + 4*l, 3*b = -p*l + 135. List the prime factors of b.
3, 5
Suppose 4*o - 3*s - 3 = 0, 4*s + 2 + 2 = 5*o. Suppose 5*x - 4*h - 531 = 0, 2*h + o*h + 523 = 5*x. List the prime factors of x.
103
Suppose -4016 - 848 = -8*g. List the prime factors of g.
2, 19
Suppose 2805 = 4*b + b. What are the prime factors of b?
3, 11, 17
Let l be 2*(-3 - 11/(-2)). Let o be (l - 4)*(-5 - 0). What are the prime factors of 40/(o*8/(-60))?
2, 3, 5
Suppose 4*i - 3*b + 0*b = 77, i + 2*b = 22. Let s = i - 17. Suppose -f + s = -28. What are the prime factors of f?
31
Suppose -4*u + 2 - 18 = 0, 244 = 2*x - 3*u. Let y(o) = o**2 - 5*o - 3. Let d be y(6). Suppose b + d*b = x. What are the prime factors of b?
29
Let s = -164 - -977. List the prime factors of s.
3, 271
Let i = 1658 + -1078. What are the prime factors of i?
2, 5, 29
List the prime factors of 2/4 - (-71981)/182.
2, 3, 11
Let u(n) = 54*n**3 + 11*n**2 - 15*n + 35. List the prime factors of u(4).
3607
Suppose -7 = -3*j + 50. Let q = -40 + 71. Let h = q - j. List the prime factors of h.
2, 3
Suppose -2*k - 5*n + 16 = 0, 3*n = 2*n. Let o(w) = -w**2 + 8*w + 2. Let p be o(6). Let r = p - k. What are the prime factors of r?
2, 3
Let k(j) = -j**3 + 5*j**2. What are the prime factors of k(-6)?
2, 3, 11
Let k be 88/12 + (-4)/(-6). Suppose -k*h + 81 = -143. List the prime factors of h.
2, 7
Suppose -2*f - f + 36 = 0. Let o be f/(-18) + 1468/6. Suppose -3*m - o = -7*m. List the prime factors of m.
61
Let m be 1 + -4 + 36/4. Let t be ((-3)/m)/((-2)/8). Suppose t*h - 5 - 19 = 0. List the prime factors of h.
2, 3
Suppose -54*y + 64*y = 1390. List the prime factors of y.
139
Suppose 0*n - 4*o + 6 = 2*n, 0 = -5*o + 10. List the prime factors of (4/(-6) + n)*-3.
5
Let w = -64 + 91. Let g = w + -17. List the prime factors of g.
2, 5
Let g(r) = 2*r**2 + 4*r + 2. Let h be g(-2). Suppose 5*z + h*z = 252. Suppose 65 = 5*p - 2*s, z = 4*p - 3*s - 23. List the prime factors of p.
11
Suppose -32 = 5*m - 72. What are the prime factors of 1/(m/20)*38?
5, 19
Let m(p) = 2*p - 1. Let f be m(2). Let v be -4 - (-4 + 1)/(2/6). Suppose -4*d + f*d + 34 = q, 0 = v*q. What are the prime factors of d?
2, 17
Suppose -2*o + 20 + 96 = 0. Suppose 7*n + o = 9*n. What are the prime factors of n?
29
Suppose -m + 86 = 4*n, -4*n = n - 25. Suppose 5*d - 54 = m. List the prime factors of d.
2, 3
Suppose -15 = -2*n - 3*n. Suppose 0 = -n*k + 8*k - 10. Suppose -k*d + 0*y + 3*y + 27 = 0, 0 